 + 4/26?
9
Let s(n) = -n**2 - 58*n + 17. What is the tens digit of s(-43)?
6
Suppose -r = 3*a - 17, 2*r = 3*a + 7*r - 13. What is the units digit of (a/(-9))/((-1)/114)?
6
Let f be (7 + -7)/(-4)*2/6. Let c(g) = g + 41. Let x(y) = y + 41. Let r(u) = 3*c(u) - 2*x(u). What is the units digit of r(f)?
1
Suppose 0 = -4*a - 16, -194 = -3*g - 5*a - 58. Suppose -j + 89 = -g. What is the hundreds digit of j?
1
Let x(o) be the second derivative of o**5/20 - 5*o**4/6 + 2*o**3/3 - 9*o**2/2 - 9*o. What is the units digit of x(10)?
1
Suppose l = -4*i + 5*l + 1528, 5*i = -2*l + 1931. What is the units digit of i?
5
Suppose 69 = 8*v - 67. Let b = 167 - v. What is the units digit of b?
0
Suppose -5*t - 8 = 22. Let j = t - -8. Suppose 0 = 6*a - j*a - 64. What is the units digit of a?
6
What is the tens digit of 470*((-12)/(-50))/((-4)/(-40))?
2
Let n(i) = 7*i - 62. Let b be n(7). Let o = -20 - 3. Let c = b - o. What is the units digit of c?
0
Let k(i) = -45*i + 26. Let j be k(4). Let z = -59 - j. What is the units digit of z?
5
Let o(l) = 312*l + 11. What is the tens digit of o(3)?
4
Let d = -1579 + 2902. What is the tens digit of d?
2
Suppose -1059 = -i + n, -5*i - 1084 = -6*i - 4*n. What is the thousands digit of i?
1
Let z = 579 - 573. What is the units digit of z?
6
Let r(i) = -i**3 - 9*i**2 - 2*i + 6. Let l be r(-9). What is the tens digit of 375/l - (-6)/16?
1
What is the hundreds digit of 16 + 600 - (8 - 3)?
6
Let r be 16434/63 + (-2)/(-14). Let s = r + -147. What is the tens digit of s?
1
Suppose -8*t + 268 = -1044. Suppose -6*w - 56 + t = 0. What is the tens digit of w?
1
Let j(a) = -a**3 - 4*a**2 + 7*a - 6. Let o be j(-6). Let c = o + -16. Suppose -l + 13 = -c. What is the units digit of l?
1
Let k(b) = 180*b + 235. Let g(q) = -20*q - 26. Let m(z) = -35*g(z) - 4*k(z). What is the tens digit of m(-9)?
5
Suppose 43*q + 3 = 46*q, 0 = -2*j - 2*q + 4284. What is the tens digit of j?
4
Let j = 1130 + -752. Let y = j + -239. What is the tens digit of y?
3
Let d = -9 + 12. Let v(w) = -7 - 8 - w + d*w. What is the units digit of v(12)?
9
Suppose -3*p = 5*p - 1432. Suppose -4*g + 5*g - p = 0. What is the tens digit of g?
7
Suppose -136*k = -137*k + 406. What is the hundreds digit of k?
4
Suppose 3*f - 360 = -3*f. Let c = 1 + -1. Suppose c*m + 16 = m - t, -5*t = 2*m - f. What is the units digit of m?
0
Let v = -8 - -6. Let q be (0/v)/(-1 + -1). Suppose q = 2*m - 13 - 21. What is the tens digit of m?
1
Let i(v) = -2*v**3 + 3*v**2 + 5*v + 8. What is the hundreds digit of i(-6)?
5
Suppose -4*z + 8 = 2*v, -5*v + 7*z - 2*z + 5 = 0. Let r = -8 - -17. What is the units digit of 2088/81 + v/r?
6
Let o(p) = -2*p**3 + p**2 - 3*p - 32. Let k(c) = c**3 + c - 1. Let y(t) = -3*k(t) - o(t). Let j = -259 - -259. What is the units digit of y(j)?
5
Suppose -5*s = -180 - 205. What is the tens digit of s?
7
Suppose -2*a + 1993 = 3*u, 5*u + 544 = -2*a + 2535. What is the tens digit of a?
9
Suppose -z - z = 466. Let p = z + 333. What is the hundreds digit of p?
1
Let d(a) be the third derivative of a**6/120 + a**5/5 + 11*a**4/24 - 2*a**2. Let c be d(-11). What is the units digit of -1 + 4 - c/(-1)?
3
Suppose 2*g = -4*t - 3*g + 579, 4*t - 2*g - 614 = 0. What is the units digit of t/9 - 10/(-45)?
7
Let n = -43 - -49. Suppose n*y - 671 = -197. What is the units digit of y?
9
Let g(t) = 0 + t**2 + t - 14*t + 1. Let o(a) = 2*a**2 - 27*a + 2. Let p(m) = 9*g(m) - 4*o(m). What is the tens digit of p(10)?
1
Let m = -6 + 11. Let z = 7 - m. What is the units digit of (-16)/(-5)*5/z?
8
Suppose 3*z = -8*m + 3*m + 2, -4*z - 3*m - 1 = 0. Let y(q) = -17*q**3 - q**2 - 2*q - 1. What is the tens digit of y(z)?
1
Let n(p) = -8 + 12*p**2 - 20*p**2 - 8*p + p**3 - 6*p**2. What is the tens digit of n(15)?
9
Suppose -25 = -3*t - 4*i + 1339, -1372 = -3*t - 2*i. Suppose 0 = -6*a + 722 + t. What is the units digit of a?
7
Let z(v) = -54*v**3 - v**2 + 4. What is the hundreds digit of z(-2)?
4
Suppose 6*s - 5*s = -10. What is the units digit of ((-15)/s)/((-9)/(-30))?
5
Suppose -x + 2 + 204 = 3*w, 4*x - 5*w = 807. Suppose x = 4*v + 75. What is the tens digit of v?
3
Let d be -3 - (1 + -1) - 1. Let o be 116/6 + d/(-6). Let g = o - -12. What is the tens digit of g?
3
Let d = -224 + 388. Suppose -4*r - 3*b + 156 = -d, 146 = 2*r + 5*b. Let c = -43 + r. What is the tens digit of c?
4
Suppose 4 = -2*v + 14. Suppose 0 = 4*x + 4*s, -s + v = 2*x - 0*x. Suppose -2*o + x*o - 9 = 0. What is the units digit of o?
3
Let p = 40 + -26. Let m = 60 + p. Suppose y = -3*a + m, -5*y + 30 = a - 10*y. What is the tens digit of a?
2
Let w be (-2 + 2)*(-4 - -5). Let d(v) = -v**2 + v + 6. Let i be d(w). What is the units digit of 471/15 + i/10?
2
Let g be 241215/75 - 1/5. Suppose -13*s = -s - g. What is the units digit of s?
8
Suppose -2*g - 335 = -f + 379, -2*g = -3*f + 2134. Let c be f/15 - (-4)/6. Suppose -l + c = 3*i, 4*i - 2*l - 64 = -7*l. What is the units digit of i?
6
Let t(x) = -x**2 + 10*x - 4. Let w be t(9). Suppose 45 = 2*n + 5*z - 35, -n = w*z - 50. Let h = n + 4. What is the units digit of h?
4
Let u = 662 + 649. What is the units digit of u?
1
What is the units digit of 2/9 - (134896/(-36))/4?
7
Suppose q = -3*u + 21, -5*q + 4*u + 0*u = -67. Let i = q + 0. Suppose f + 2*f = i. What is the units digit of f?
5
Suppose 2*t - 3*z = 4*t - 9, -4*z = -t - 12. Suppose -v - 4*w = -22, -14 = v - t*v - 5*w. Let p = v + -2. What is the units digit of p?
4
Suppose -s - 63 = -4*s. Let t be (s/(-14))/(1/18). What is the units digit of ((-36)/t)/((-1)/(-18))?
4
Let z(k) = -7*k**2 - 49*k - 6. What is the tens digit of z(-4)?
7
Suppose 2*u - 2929 = -z, 2*u + 10*z - 7*z - 2935 = 0. What is the units digit of u?
3
Let c(f) = 90*f - 42. What is the units digit of c(5)?
8
Let m(w) = 11*w - 9. Let r(b) = -b. Let k(z) = m(z) + 2*r(z). What is the tens digit of k(19)?
6
Let a(x) = 5*x - 19. Let s(d) = d**3 - 7*d**2 + 9*d - 5. Let l be s(6). What is the tens digit of a(l)?
4
Suppose l - 214 - 506 = -4*o, 0 = 4*o - 3*l - 720. What is the units digit of o?
0
Let j be ((-1394)/(-85))/(-1 + (-14)/(-10)). Suppose j*q - 50*q + 2583 = 0. What is the units digit of q?
7
Let h = -201 + 466. What is the hundreds digit of h?
2
Let f(q) = 66*q + 11. Let n be f(3). Let i = n - 67. What is the units digit of i?
2
Suppose -63*f - 3012 = -66*f. What is the thousands digit of f?
1
Let d = 1137 - 738. What is the tens digit of d?
9
Let b = 3773 - 2189. Suppose 11*k - b - 781 = 0. What is the tens digit of k?
1
Let w be (-6)/(-4)*(14 - -8). Let o = w + -22. What is the tens digit of o?
1
Let c be 50/20*12/15. Suppose -4*w + 178 = -c*r, r + 12 = 5*r. What is the tens digit of w?
4
Let o(t) be the third derivative of 7*t**4/24 - 4*t**3/3 + 2*t**2. Suppose -3*d + 25 = 2*d. What is the units digit of o(d)?
7
Let a(u) = -u**3 + 6*u**2 - 5*u + 4. Let m be a(5). Let t be 1/m - (-30)/8. What is the units digit of (2 + t)/2 - -14?
7
Suppose 0 = -p - z + 5*z - 27, 4*z + 48 = -4*p. Let n = p + 44. What is the tens digit of n?
2
Let g be (-1)/4 - 873/(-36). What is the units digit of 64/g*(-9)/(-6)?
4
Suppose y - 10*o + 13*o - 4508 = 0, -3*y - o = -13484. What is the tens digit of y?
9
Let y = -497 + 1183. What is the hundreds digit of y?
6
Let o(c) = -c**3 + 3*c**2 + 15*c - 4. What is the tens digit of o(-11)?
2
Let w = -39 + 72. Suppose 0 = -3*q + w - 3. What is the units digit of q/(25/(-5)) - -15?
3
Let s = -83 + 117. Let v = s + 2. What is the tens digit of v?
3
Let r = 53 - 59. Let s = 110 - r. What is the units digit of s?
6
Let f(y) = -2*y**3 + 2*y**2 - 2*y + 3. Let x be f(2). Let n(o) = 6 - 3*o - o + 3*o. What is the units digit of n(x)?
5
Let f(p) = p**3 - p**2 - 6*p + 313. What is the units digit of f(0)?
3
What is the tens digit of (250/20)/((-1)/(-30))?
7
Suppose -q + i + 1426 = -2*i, -3*q + 4271 = -2*i. What is the units digit of q?
3
Let m be (-3 - -5) + (1 - -2). Suppose -4*k + 1161 = m*k. What is the tens digit of k?
2
What is the hundreds digit of (-16)/32 + ((-28245)/(-10) - -4)?
8
Suppose 55 = 3*f - 8*f. Let v = f + 13. Suppose n - 2 = 4*r + 22, v*n - 48 = -3*r. What is the units digit of n?
4
Let i be -1 - (-3 - 7)/(-2). Let z(u) = -u**3 + u**2 + 6*u + 9. Let m be z(i). What is the units digit of m/6 + (-3)/(-6)?
8
Suppose 0 = -u - 5*a - 11, 0 = -u - 4*u